11 - -8b?
9c
In base 15, what is 1 + 32?
33
In base 6, what is 14501 + 5?
14510
In base 3, what is 212102 + 20?
212122
In base 12, what is -4 + -23a?
-242
In base 15, what is a - 66?
-5b
In base 11, what is 12 + 78?
8a
In base 3, what is 0 + 1011?
1011
In base 9, what is 1 + 14?
15
In base 11, what is 7a + -4?
76
In base 8, what is -3 + -6133?
-6136
In base 6, what is -4 - 2310?
-2314
In base 11, what is 0 + 6377?
6377
In base 3, what is -2 + 1200?
1121
In base 8, what is -5 - 53?
-60
In base 3, what is -121210000 + -1?
-121210001
In base 14, what is -2b4 + -5?
-2b9
In base 8, what is 22620 + 5?
22625
In base 11, what is -12 + 77?
65
In base 9, what is 5 + -226?
-221
In base 14, what is 346 + -17?
32d
In base 11, what is -2 - -89?
87
In base 11, what is -34 - 0?
-34
In base 2, what is 10010 - -1001101100?
1001111110
In base 14, what is 1 + ca?
cb
In base 3, what is 12121 - -10?
12201
In base 2, what is -100 - 11010?
-11110
In base 10, what is 0 - -80?
80
In base 15, what is -1a + 5?
-15
In base 12, what is -5 - -8?
3
In base 2, what is -110011000000 + -101?
-110011000101
In base 8, what is -6 + -1240?
-1246
In base 10, what is -111 - -6?
-105
In base 14, what is 4 + -42?
-3c
In base 14, what is -1 - -169?
168
In base 12, what is 7 - 243?
-238
In base 10, what is 5 + -1457?
-1452
In base 7, what is -33 - 0?
-33
In base 16, what is -6c9 - -5?
-6c4
In base 9, what is -1263 + -4?
-1267
In base 15, what is 1 + -c0e?
-c0d
In base 4, what is 10 - 230?
-220
In base 13, what is -220 - 3?
-223
In base 16, what is 546 - 2?
544
In base 3, what is 2221 + -1?
2220
In base 2, what is 10 + -10?
0
In base 8, what is -404 + 5?
-377
In base 5, what is 1 - 34330?
-34324
In base 7, what is -1224 + -10?
-1234
In base 6, what is 4 + -13?
-5
In base 6, what is 0 - 1?
-1
In base 5, what is -21 - 24?
-100
In base 2, what is 11010010 - -100?
11010110
In base 4, what is -1 + -103?
-110
In base 6, what is -1551 + 0?
-1551
In base 12, what is -3a4 + -a?
-3b2
In base 15, what is -4 - 16?
-1a
In base 16, what is -20 + 5e?
3e
In base 16, what is -fd - 3?
-100
In base 15, what is 2a3 - -6?
2a9
In base 3, what is -21212 - 22?
-22011
In base 2, what is 1110 - -110?
10100
In base 11, what is -18 + -1?
-19
In base 5, what is 10 + -23101?
-23041
In base 3, what is -2110111 - -1?
-2110110
In base 11, what is -2 + 9a?
98
In base 16, what is -4 - -16f?
16b
In base 12, what is 160 - 1?
15b
In base 3, what is 11 + -2120100?
-2120012
In base 7, what is -1 + 11?
10
In base 16, what is 5 + -15?
-10
In base 16, what is -2c0 - -26?
-29a
In base 11, what is 424 + 4?
428
In base 9, what is -53 - 3?
-56
In base 11, what is -16 + 508?
4a2
In base 11, what is -4 + 5?
1
In base 7, what is 25030 - 1?
25026
In base 11, what is -6 - 2?
-8
In base 5, what is 442 + 420?
1412
In base 5, what is 3 - 423?
-420
In base 12, what is 4 + 70a?
712
In base 16, what is 3 + 20?
23
In base 12, what is -12 - 65?
-77
In base 12, what is 1001 + -5?
bb8
In base 13, what is 298 + -b?
28a
In base 13, what is 0 - -118c?
118c
In base 4, what is 113 - 33?
20
In base 12, what is -8 + 152?
146
In base 16, what is 923 + 1?
924
In base 11, what is -7a58 + -3?
-7a60
In base 8, what is -23 - -6?
-15
In base 6, what is 2534 + 3?
2541
In base 13, what is -4 - -ca?
c6
In base 14, what is d - 34?
-25
In base 8, what is -1 - -64?
63
In base 4, what is -11 - 12?
-23
In base 8, what is 2653 - -2?
2655
In base 14, what is 1b32 - -3?
1b35
In base 5, what is 4023 + 10?
4033
In base 9, what is -187 - -46?
-141
In base 9, what is -1108 - -1?
-1107
In base 10, what is 2 + 21?
23
In base 14, what is -246a + 2?
-2468
In base 5, what is 1 - -220?
221
In base 3, what is -1120 - 201?
-2021
In base 11, what is 759 - 8?
751
In base 9, what is 5242 - 3?
5238
In base 6, what is 5 + -11222?
-11213
In base 5, what is -3 + -442?
-1000
In base 8, what is 100 - 325?
-225
In base 4, what is 3 - -10002?
10011
In base 12, what is 1a + 17?
35
In base 6, what is 251 - 0?
251
In base 10, what is -3 + 2?
-1
In base 14, what is 18bb - 4?
18b7
In base 11, what is 1 - 1a19?
-1a18
In base 3, what is 10 + -2?
1
In base 7, what is -15 - 153?
-201
In base 16, what is -b277 - -2?
-b275
In base 2, what is -1011100 - -111?
-1010101
In base 3, what is 1 + 201122?
201200
In base 6, what is 11 - -1314?
1325
In base 13, what is -77 - 4?
-7b
In base 6, what is 1 - 204?
-203
In base 2, what is -100 - 1100110?
-1101010
In base 6, what is 2 + -442?
-440
In base 16, what is 29 - 5?
24
In base 5, what is 4 - 312?
-303
In base 8, what is 3 - 434?
-431
In base 6, what is 4331 - 0?
4331
In base 11, what is -92 - 4?
-96
In base 5, what is 2222 + 4?
2231
In base 16, what is e - 0?
e
In base 14, what is -21ba - 5?
-21c1
In base 4, what is -1203303 + -10?
-1203313
In base 8, what is 777 + 0?
777
In base 8, what is -145 - -45?
-100
In base 12, what is -4 - 6a2?
-6a6
In base 3, what is 220 + 21?
1011
In base 12, what is -1 + 32?
31
In base 11, what is -2 - -39?
37
In base 2, what is 10 - 1111011001000?
-1111011000110
In base 6, what is -1 + -4114?
-4115
In base 16, what is -36 - -1b?
-1b
In base 8, what is -30 - -255?
225
In base 16, what is -3 - -233?
230
In base 11, what is -1625 + -4?
-1629
In base 8, what is 12 + -531?
-517
In base 2, what is 1000 - 111100011?
-111011011
In base 14, what is 0 - 348?
-348
In base 14, what is -1 - -2a?
29
In base 10, what is -796 - -22?
-774
In base 6, what is -4 - -3514?
3510
In base 4, what is 1 + -3113?
-3112
In base 4, what is -330103 - -3?
-330100
In base 2, what is 111 - -110000?
110111
In base 5, what is 1130003 + 2?
1130010
In base 7, what is -4 + 105?
101
In base 6, what is 5 - -200?
205
In base 13, what is 30 + -1?
2c
In base 4, what is 2202301 + -10?
2202231
In base 13, what is 0 + -220?
-220
In base 7, what is -4354 - 0?
-4354
In base 6, what is 5 - -3124?
3133
In base 10, what is 144 + -3?
141
In base 13, what is 45 - -7?
4c
In base 8, what is 142 + -2?
140
In base 11, what is 164 + 36?
19a
In base 2, what is 1011001 + -111000?
100001
In base 11, what is 108 + -6?
102
In base 14, what is -3 - 3c?
-41
In base 14, what is b - 1?
a
In base 8, what is -552 - 5?
-557
In base 2, what is 1 + -1010110?
-1010101
In base 9, what is -60 + 4?
-55
In base 8, what is 1426 - -2?
1430
In base 11, what is 0 + -79?
-79
In base 10, what is -201 + -16?
-217
In base 15, what is -a4 + 32?
-72
In base 14, what is 1 - 2b?
-2a
In base 7, what is -3 + -5252?
-5255
In base 9, what is -71 + -5?
-76
In base 13, what is 7 - 26?
-1c
In base 13, what is -1 - 2229?
-222a
In base 11, what is -21a4 + -5?
-21a9
In base 11, what is 4 + 11?
15
In base 3, what is -12 - 11212020?
-11212102
In base 2, what is -10001 - 10100?
-100101
In base 9, what is 8 - -54?
63
In base 4, what is 2120210 + 0?
2120210
In base 12, what is 0 - -66?
66
In base 14, what is -100 + 22?
-bc
In base 10, what is -2 - 7?
-9
In base 11, what is 278 + 4?
281
In base 13, what is 2 - 5a?
-58
In base 13, what is -1 - bc?
-c0
In base 8, what is -35 - -1?
-34
In base 8, what is 57 + -7?
50
In base 12, what is 9 - -81?
8a
In base 8, what is -620 - -4?
-614
In base 5, what is 131 - -23?
204
In base 8, what is 16 - 10?
6
In base 8, what is 12 - -345?
357
In base 6, what is 4 - 32042?
-32034
In base 4, what is -2000003 + 2?
-2000001
In base 5, what is 102 - 10?
42
In base 5, what is 211 + 1031?
1242
In base 8, what is 4 + -70?
-64
In base 15, what is -354 - 4?
-358
In base 12, what is 28 + 260?
288
In base 6, what is -1324 + 253?
-1031
In base 10, what is 4 - 21?
-17
In base 13, what is -5 - 103?
-108
In base 7, what is 4 + -1031?
-1024
In base 10, what is -8 + -78?
-86
In base 14, what is 43c - 3?
439
In base 2, what is 10 - 100100110?
-100100100
In base 13, what is -2 + -56?
-58
In base 5, what is -1 - -220?
214
In base 15, what is -a6 - -5?
-a1
In base 15, what is -7 - -10?
8
In base 11, what is -3 - -1312?
130a
In base 6, what is -1034 + 150?
-444
In base 15, what is 196a - -5?
1970
In base 15, what is 176 + -2?
174
In base 14, what is b9 - -5?
c0
In base 14, what is -7 + -67d?
-686
In base 5, what is -1130 + 0?
-1130
In base 13, what is -81 - -49?
-35
In base 6, what is 24 + 320?
344
In base 5, what is 2 + -1012?
-1010
In base 7, what is -3512 + -1?
-3513
In base 15, what is 10 + 1b?
2b
In base 4, what is -11